b - 100. Suppose 2*y = -t + 34. Give s(y).
9
Let l(p) = p + 16. Let x(a) be the third derivative of a**4/24 + 5*a**3/2 - 14*a**2. Let z(b) = 5*l(b) - 6*x(b). Give z(-12).
2
Let n(v) = -2*v**3 - 11*v**3 + 12*v**3 - 6 + 4*v - v + 7*v**2. Let g(s) = -3*s**3 + 23*s**2 + 9*s - 19. Let z(x) = 2*g(x) - 7*n(x). Determine z(4).
8
Let k(j) = 2*j - 3*j + 3238 - 1622 - 1620. Let n(w) = -w**3 + 4*w**2 + 8*w - 6. Let q be n(5). Let y = q + -13. Calculate k(y).
0
Let b = -36205 + 36221. Let q(n) = 3*n - 21. Give q(b).
27
Let g = 25272 + -25289. Let t(h) = -2*h**3 - 35*h**2 - 18*h - 4. Calculate t(g).
13
Let l(g) = 7*g - 6. Suppose 16*v = -2*b + 15*v - 3, -2*v - 6 = -4*b. Determine l(b).
-6
Let n(d) = d + 15. Let j be (-12)/(-10)*30/(-12) - -5. Suppose -3*h - 7 = -j*q - 8, -2*q + 2*h = 6. What is n(q)?
7
Let z(f) = -f**2 + 9*f - 8. Let q = 255 + -219. Let h = q - 27. Calculate z(h).
-8
Let z(y) = 4*y + y**3 - 10*y**2 + 3 + 4*y + 20*y**2. Let g = -5175 + 5166. What is z(g)?
12
Let r(k) = -k**3 + 3*k**2 + 9*k - 9. Suppose 69 + 15 = 24*x - 36. Determine r(x).
-14
Let u(t) = t**2 - 3*t. Let i be u(4). Suppose -i*f + 12 = 0, 2*c + 3*f = 4*f - 7. Let d(o) = -o - 1. What is d(c)?
1
Let w be ((-4)/(-18))/(-1) + 184/18. Let m = -70 + 76. Suppose -4 = w*l - m*l. Let c(f) = 8*f**3 + f**2 + f + 1. Give c(l).
-7
Suppose 12 = -5*o - p - 20, -10 = 2*o - p. Let y(r) be the first derivative of -r**3/3 - 3*r**2 - 9*r - 54. Determine y(o).
-9
Suppose -440*n + 444*n - 21 = 7. Let u(m) = -2*m**2 + 3*m + 5. Calculate u(n).
-72
Let j(c) = c**2 + 2*c - 30. Suppose -312*k = 1338 + 534. Calculate j(k).
-6
Let y(j) = -3 + 12*j**3 - 11*j**3 + 4*j - 2*j**3 + 7 + 2*j. Give y(5).
-91
Let v(d) = -39*d**2 - 235*d - 6. Let r be v(-6). Let q(k) = k**2 - 6*k - 7. Give q(r).
-7
Let d(u) = 466*u + 470*u - u**2 + 5 - 1859*u + 465*u + 461*u. Suppose g + 2*v - 2 = 0, 41 = g + 3*g - 3*v. Calculate d(g).
-35
Let c(v) = -13 + 31*v + 2*v**2 + 31*v - 59*v - 3*v**3 + 11. Let r be ((-60)/(-4))/(-5) - -5. Calculate c(r).
-12
Let o(n) be the third derivative of n**5/60 - n**4/4 + n**3/3 - 2*n**2. Suppose 10*v - 146 - 89 + 165 = 0. Calculate o(v).
9
Let f = -6 - -5. Let c(v) = -v - 1. Let d(l) = -3*l + 8. Let t(r) = f*d(r) + 4*c(r). Let n(o) = 4*o + 41. Let i be n(-12). Give t(i).
-5
Let c = 29 - 18. Let v(s) = 5*s**2 + 8*s - 2. Let i(u) = 10*u**2 + 15*u - 4. Let z(l) = c*v(l) - 6*i(l). Suppose -n = n + 4. Determine z(n).
-14
Let n be 0/(-1) + 4 + 6. Let f(t) = t**2 + 20*t. Let y(p) = 3*p**2 + 32*p - 14. Let v(r) = 2*f(r) - y(r). Calculate v(n).
-6
Let t(x) be the first derivative of -2*x**2 + 8. Let b = -76 - -74. Give t(b).
8
Suppose 40 = 5*l - 3*q - 2*q, -l + 12 = -3*q. Let m(y) = -l + 0*y - y + 3. Let c be (7 + (-42)/(-35)*-5)/((-2)/(-10)). Calculate m(c).
-8
Let u(g) = -2868*g**3 + 3 + g**2 - g + 2867*g**3 + 7*g - 3*g. Suppose 18*i = -10*i + 84. Give u(i).
-6
Suppose 0 = -14*y - 0*y + 1092. Let f(l) = y*l + 2 + 4 - 82*l. Determine f(9).
-30
Let s be 18/(-36)*(2 - 38). Suppose s*m - 1 = 19*m. Let x(w) = -10*w - 1. What is x(m)?
9
Let f(m) be the third derivative of m**2 - 1/2*m**4 + 0 + 0*m**3 - 9*m. Determine f(3).
-36
Let f(a) = 4*a - 15. Let p = -200 + -390. Let u = 594 + p. What is f(u)?
1
Let c(u) be the third derivative of -u**5/60 + 3*u**4/8 - 7*u**3/6 - 81*u**2 - 10*u. What is c(8)?
1
Let p(w) = -w - 2. Let y(b) = -2*b - 1. Let q(k) = -8*k - 77. Let i(u) = -q(u) + 2*y(u). Let t be i(-20). Calculate p(t).
3
Let z(k) = -k**2 - 17*k - 66. Let p be 212/(-265)*(-50)/(-4). Give z(p).
4
Let j(f) be the first derivative of -4*f**3 + f**2/2 - 1333. Determine j(-2).
-50
Suppose 4*o = o. Suppose 30 = 5*r - 5*t, 2*r - t - 2 = 3*t. Let s(b) = -14*b - 4 + 24*b - r*b. Give s(o).
-4
Let f = 0 - 0. Let c(w) = -w + 2320 + w**2 + 4*w**2 - 2314 - 4*w**2. Determine c(f).
6
Suppose -1046*g = -1041*g - 285. Suppose -336 = -g*w + 462. Let m(r) = 24 - 3*r**2 - 6 + 2*r**2 + 13*r. Give m(w).
4
Let g be ((-2)/5)/((-2)/10). Suppose -g*k + 1 + 7 = 0. Suppose -k*a + n = -18, 7*n = -3*a + 3*n + 23. Let w(q) = q**3 - 5*q**2 + q. Give w(a).
5
Let w be (-14 + 232/16)*-2. Let j(a) = 25*a**3 + a**2 - a - 2. Determine j(w).
-25
Suppose -6*w + 146 = 782. Let n = -102 - w. Let q(t) = 3*t + n*t - 17*t + 9*t. What is q(-1)?
1
Let z = -15 + 14. Let j(i) = 34*i**2 - 7*i - 7. Let a be (10/(-6))/(133/(-21) + 6). Let s(p) = -17*p**2 + 3*p + 3. Let k(r) = a*s(r) + 2*j(r). What is k(z)?
-17
Let j(m) be the second derivative of -m**5/20 + 2*m**4/3 - m**3/2 + 5*m**2 + 215*m + 8. Give j(8).
-14
Let p = 491 - 262. Suppose 5*t - p - 91 = 0. Let c be (-4)/12 + t/12. Let k(d) = d**2 - d - 4. What is k(c)?
16
Let d(i) = -i**2 + 3*i - i + i + 1. Let b(z) = -244*z**2 - 6589*z - 23. Let x be b(-27). Determine d(x).
-3
Let l(u) = 65*u**2 - 8*u + 4. Let g be l(2). Let k = 4 - 2. Let b(n) = -248 - n**k - 5*n + g + 0*n**2. What is b(-7)?
-14
Let h = 149 + -128. Let o(l) = -9*l - 14*l + h*l. Give o(8).
-16
Let f(g) = -17*g**2 - 22*g + 18. Let y(v) = -12*v**2 - 16*v + 12. Let w(j) = -5*f(j) + 7*y(j). What is w(8)?
42
Suppose u = -3*u + u - 3. Let d(t) = -13*t**3 + 3*t**2 + 5*t + 3. Determine d(u).
14
Let v(o) = o**3 - 4*o**2 - 9*o + 9. Let z(y) = -2*y**3 + 41*y**2 - 120*y + 22. Let u be z(17). Calculate v(u).
-11
Let l(p) be the second derivative of -p**7/840 - p**6/120 + p**5/120 + p**4/12 + 23*p**3/6 - 81*p. Let x(y) be the second derivative of l(y). What is x(-3)?
-1
Let a(v) = 2*v**2 + 9*v**2 + 6*v + 8*v**2 - 34826 - 20*v**2 + 34836. Calculate a(-5).
-45
Let o(l) = -17*l + 83. Suppose 4*x - 40 = 2*g + 3*g, -g = 2*x - 6. Let c be o(x). Let q(v) = -v**3 - 3*v**2 - 2*v + 2. Determine q(c).
2
Let o(s) = 6*s**2 + 16*s + 9. Let y(w) = -2*w**2 - 4*w - 3. Let x(n) = -2*o(n) - 7*y(n). Determine x(-4).
51
Let h(c) = -2*c**2 - 2*c + 1. Let u(l) be the second derivative of -l**5/20 - 7*l**4/12 - l**3/2 - 2*l**2 + 2*l + 2. Let x(t) = -5*h(t) + u(t). Determine x(4).
3
Let q be (-8)/(-10) - 12/(-10). Suppose 2*f + 2*m - 26 = 0, 3*f - q*m = -0*m + 24. Let s(z) = 0*z - f*z**3 + 7*z**2 + 7 + 9*z**3 - 2*z. What is s(7)?
-7
Let l(x) = -3*x**3 + 2*x**2 + 2*x + 1. Suppose 0 = -3*w + 3*w + w. Let t be 15 - 14 - (w - 3)*-1. Determine l(t).
29
Let z be 18/153 + (-3498)/(-34). Let n = z + -85. Let w(x) = x**3 - 19*x**2 + 18*x - 8. Let b be w(n). Let i(g) = -g**2 - 7*g - 4. Give i(b).
-12
Let q(k) be the third derivative of 0*k + 0 - 1/24*k**4 + 2/3*k**3 - 1/60*k**5 - k**2. Suppose -151*u + 149*u - 3*h = 0, -4*h + 17 = -3*u. What is q(u)?
-2
Let r(n) be the third derivative of -n**4/24 + 16*n**3/3 - 138*n**2. Calculate r(12).
20
Let d(u) = -1 + 3*u - 1 + 0*u**2 - u**3 + 0*u**2 - 2*u**2. Let t = -195 - -205. Suppose -5*i + t = 0, 0*q - 2*i = 2*q + 4. Determine d(q).
18
Let i(z) = 25*z + 2. Let l(w) = -2*w**2 - 115*w + 13. Let p(u) = -5*i(u) - l(u). Determine p(9).
49
Let q(n) = -3*n + 8. Let d be q(3). Let i(u) = 6*u**3 + 2*u**2 + 2*u + 2. Give i(d).
-4
Let s(x) = -114*x**2 - 3 + 3 - x**3 - x + 1 + 112*x**2. Let d be s(0). Let q(u) = -14*u**3 + u**2 - 1. Give q(d).
-14
Let x(r) be the second derivative of r**6/144 + r**5/40 + 9*r**4/2 + r**2 - 63*r. Let l(s) be the third derivative of x(s). What is l(5)?
28
Let a = 3039 - 3042. Let h(o) = -3*o**3 - 8*o**2 - 2*o + 2. Give h(a).
17
Let g = 197 - 169. Let l(k) = k**2 - 28*k - 7. Let a be l(g). Let w(d) = d**2 + 7*d. Give w(a).
0
Let i(m) be the third derivative of -m**6/15 - m**5/30 + m**3/6 + 6*m**2 - 67. Calculate i(-1).
7
Let n = 128 + -265. Let l = n - -130. Let x(g) = 0 - g - 4 - 4 - 6. What is x(l)?
-7
Let v(u) = -320*u - 3848. Let q be v(-12). Let z(c) = c**2 + 10*c + 16. Give z(q).
0
Let t(r) be the second derivative of 0*r**4 - 1/360*r**6 + 0 - 13/3*r**3 + 0*r**2 + 40*r - 1/120*r**5. Let v(n) be the second derivative of t(n). What is v(0)?
0
Let f(z) = 7*z. Let p be (9/81*6)/((-2)/(-18)). Let g be p/(-27) + 3/27*29. What is f(g)?
21
Let a(d) = -26*d - 104. Let q(s) = -2*s**3 + 3*s**2 - 31*s + 62. Let v be q(2). Give a(v).
0
Suppose -4*v - 24*h = -21*h - 16, 3*v - 29 = 2*h. Let w(k) = 2*k + 9. Give w(v).
23
Let v(n) = -7592*n + 48. Let j(s) = -190*s - 1. Let g(h) = 40*j(h) - v(h). Give g(-9).
-16
Let o(l) be the third derivative of 23*l**4/12 - 77*l**3/2 + l**2 - 2*l - 2030. What is o(5)?
-1
Let w(d) = -9*d - 45. Let o be ((-